87 = 0, -2*n - 3*n - 3*w = -h. Is n a composite number?
False
Suppose -2*v + 29640 = -4*b, -v - 3*b = -9916 - 4904. Let n = -10493 + v. Is n prime?
True
Let p(z) = 4948*z**3 - 4*z**2 - 16*z + 59. Is p(3) prime?
True
Suppose 3*p - 80 = -7*p. Suppose -p*l = -4*l - 5860. Is l a prime number?
False
Let s be (-474)/(-8) + -1 - (-17)/(-68). Suppose -1001 = 5*x + 2*h, -2*x = -7*h + 2*h + 412. Let z = s - x. Is z a prime number?
False
Let j(t) = -2413*t - 20. Let p = -212 - -211. Is j(p) prime?
True
Let f be -1 + 44/16 + 3/12. Suppose 7 = 4*d - 5*m, -3*d + 3*m + f + 4 = 0. Suppose -6646 = -d*u + 533. Is u a composite number?
False
Let z(c) = 4*c + 27. Let w be z(-5). Let x be -1 - -4 - (-1 + w)/(-3). Let f(n) = 10*n**2 - 3*n + 4. Is f(x) a composite number?
False
Suppose 347*d - 11700 = 350*d. Is 8 - 12 - (d - (6 + -3)) a composite number?
True
Let c(y) = -y**3 + 14*y**2 + 12*y - 13. Let d = -49 + 42. Let f = 5 - d. Is c(f) a composite number?
False
Let i(g) = -g**3 + 20*g**2 + 35*g - 101. Is i(17) prime?
True
Let k(n) be the second derivative of 11*n**4/12 - 23*n**3/6 + 19*n**2/2 - 28*n. Is k(9) a prime number?
False
Let d = -10 - -24. Suppose 3*p = -4*m + d, -2*p - 27 = -p - 5*m. Is ((-12)/18)/(p/447) a composite number?
False
Suppose -12*j - 20331 = -9*j. Let u = 16016 + j. Is (u/(-3))/((-1)/(-3 + 6)) prime?
True
Let q(f) = -f**3 + 104*f**2 + 33*f - 95. Is q(88) a prime number?
True
Suppose 4*p - 2292 = -5*z, 3*p - z = -0*p + 1700. Suppose p*i = 576*i - 35528. Is i a prime number?
True
Let u(n) = n + 5. Let f be u(-8). Let c be (19 - 1)*((-1)/f)/1. Let a(r) = 2*r**3 - 4*r**2 + 7*r + 9. Is a(c) composite?
True
Let x = 508899 + -334320. Is x composite?
True
Let s(u) = -u. Let m(r) = -46*r**2 + 13*r. Suppose 6 = -2*n + c, 3*n - 9*c = -5*c - 4. Let z(y) = n*s(y) - m(y). Is z(2) a composite number?
True
Is (38/(-95))/((-6)/1964355) a prime number?
True
Let l(u) = 1134*u**2 - 7*u + 1. Let m be l(1). Suppose 2*o - m = -130. Is o a prime number?
True
Suppose 1731 = 3*l - d, -3*d = -3*l + 599 + 1132. Let f = -230 + l. Is f composite?
False
Is (-2)/8*-11467*660/(315/21) prime?
False
Let p(l) be the second derivative of -l**5/20 + l**4/12 - 3*l**3/2 + 3*l**2/2 - 33*l. Is p(-4) composite?
True
Let x(m) = 7 - 4*m + 1931*m**2 - 886*m**2 - 998*m**2. Let u(z) = z**3 + 4*z**2 - z - 2. Let j be u(-4). Is x(j) prime?
False
Is 3/(11/175355004*36) a composite number?
False
Let y(o) = -3554*o - 1247. Is y(-11) prime?
True
Let s = 313619 - -80454. Is s a prime number?
True
Suppose 12*s - 1614849 - 146067 = 0. Is s a prime number?
True
Suppose -4*s - 14*s - 8*s + 293358 = 0. Is s prime?
False
Suppose 3*f = 3*l + 448665, 0 = 3*f - 4*l - 632824 + 184161. Is f composite?
True
Suppose 8*b = -2*b. Suppose b = 3*j - 9351 - 2604. Is j composite?
True
Is (-70231 + 20 + -12)*-1 a prime number?
True
Suppose 3*o = -6*o + 111771. Let w = o + -8008. Is w prime?
False
Let r(n) = -n + 5. Let t be (-115)/(-69) + (-1 - 14/(-6)). Let g be r(t). Suppose 3*p - 267 = -i, 3*i = -g*p + 5 + 796. Is i prime?
False
Suppose -519*h - 836530 = -529*h. Is h composite?
False
Suppose 20 = -3*m + 7*m - 4*f, 5*m + 5*f - 25 = 0. Suppose m*x + 42 = 3347. Suppose -3*p + x = t - 0*t, -3385 = -5*t + 5*p. Is t composite?
False
Let u(k) = k**3 + 14*k**2 - 12*k - 19. Suppose -13 = z - 13. Suppose z = 2*h - h + 14. Is u(h) composite?
False
Let h = 211623 + -125932. Is h a composite number?
False
Let q = 1801 - 9381. Let j = 1884 - q. Suppose j = 6*z - 1762. Is z a prime number?
True
Let f(h) = -20628*h + 109. Is f(-3) composite?
True
Let i(u) be the second derivative of -11/6*u**3 + 1/2*u**2 - 42*u + 0 + 7/4*u**4. Is i(13) composite?
False
Let u(k) = 4*k + 1. Let f(v) = 7*v + 2. Let b(c) = -3*f(c) + 5*u(c). Let d be b(-10). Is (-3)/d*(-6)/4*586 a composite number?
False
Let t be (-7)/((-14)/(-4)) + -1. Suppose -44*y + 56 = -40*y. Is 6*t/63 - (-17630)/y a prime number?
True
Let q(t) = t**3 + 7*t**2 - 7*t - 24. Let m be q(-7). Suppose 34*l = m*l + 88839. Is l composite?
False
Suppose 5*s + 1016*q - 1012*q = 1435799, 3*q - 861474 = -3*s. Is s a composite number?
False
Let r(i) = 38*i - 33. Let v(o) = 74*o - 61. Let j(u) = 7*r(u) - 4*v(u). Let a be (1 + (-1 - -3))*-1. Is j(a) composite?
False
Suppose 5*d + 288 = 17*d. Suppose 20*u + 5748 = d*u. Is u composite?
True
Let h = 261875 - 182974. Is h prime?
True
Suppose 5*x - 2*x - 6 = 2*j, -4*x + 22 = 2*j. Let l be (2 + (-14)/x)*2. Is (l + 1)*(-1379)/2 prime?
False
Is -2*((-550)/(-40) + -14)/(2/297764) a composite number?
False
Let b = 10721 + 45200. Is b prime?
True
Suppose 5*v - 2*p + 0 = 5, -v + 2*p + 9 = 0. Let d be 1/(v*(-4)/(-8516)). Let f = -1360 - d. Is f prime?
True
Suppose -1467090 = -55*k + 58*k. Is ((-2 + 0)/2)/(30/k) prime?
True
Let n be (-18)/8 + 2/8. Let s be ((-6)/(-7))/((-5)/7)*(-230)/138. Is 2160 + s*4/16*n a composite number?
True
Let a = 283 + -276. Suppose -a*s + 6705 = 8*s. Is s a composite number?
True
Let k be (-2*2/(-4))/(53/120893). Suppose -v = -2*q + 6795, -2*v - k - 14706 = -5*q. Is q composite?
True
Let i = -576 + 609. Suppose -5*m = -r - 14397, -4*m - 32*r + i*r + 11518 = 0. Is m a composite number?
False
Let o = 44 - 39. Suppose -5*u = -i - 16307 - 43704, o*u - 60007 = -3*i. Suppose 4*s + v - u = -v, -4*s + 11981 = -5*v. Is s a prime number?
True
Let n(o) = -37*o - 2. Let p be n(4). Let f be (p/24 + 7)/(1/60). Suppose d - 262 = f. Is d prime?
True
Suppose 0 = -o + 30616 + 3657. Suppose 0 = -14*r + o + 9799. Suppose 0 = -0*z - 4*z + r. Is z prime?
True
Let o = 47513 + -22262. Suppose -o + 4515 = -6*c. Suppose 0 = 9*s + c - 14643. Is s composite?
True
Let p(w) = -w**3 - 2*w**2 + w - 6. Let h be p(-3). Suppose h*f + 3*f = 2712. Suppose -18*v = -10*v - f. Is v prime?
True
Let g = -21 - 12. Let j be 3/((-66)/(-4)) - 34809/g. Let s = 3166 - j. Is s prime?
True
Let f be 5 - (1 + 0 + 2). Let b(x) = 5*x**3 - 13*x**2 + 3*x - 5 + 24*x**2 - 10*x**f - 3*x**3. Is b(2) a prime number?
False
Let n = -239625 + 361327. Suppose n = 24*i - 112130. Is i composite?
False
Let s(v) = -530*v**3 - 2*v**2 - 25*v + 15. Is s(-4) a prime number?
False
Let m be 10603/(-7) + (260/(-70))/13. Let q = 2218 + m. Is q prime?
False
Let m = 23 + -19. Suppose 2014 = 5*p + i, 0 = p - 5*p - m*i + 1608. Is p prime?
False
Suppose -2278249 - 479972 = -9*u. Is u a composite number?
True
Suppose -6004 - 5180 = 12*x. Let w = 1423 + x. Is w a composite number?
False
Let s(m) = -m**3 + 10*m**2 + 5*m + 33. Suppose 8 = -d + n, 10 = -d - 0*n + 3*n. Is s(d) a composite number?
True
Suppose 4*t - 4 = -4*f, -4*f - t + 5 = 2*t. Suppose -3*o + 3*v + 7518 = 0, -4*o + f*v + 10015 = v. Is o a composite number?
False
Let b(s) = -1 + 130*s**2 + 2*s + 5*s**2 + 3 - 4. Let g be b(-2). Suppose -4*c = -c - g. Is c composite?
True
Let p(l) = -l**2 - 31 + 61 + 107*l**3 - 3*l**2 - 35 + 3*l. Is p(5) a composite number?
True
Let s = -150 - -290. Suppose 0 = 15*n - 10*n - s. Is 3489/11 + n/(-154) composite?
False
Let t be (-544)/(-34)*(-1 + 14). Let z = 55 + t. Is z prime?
True
Let p = 25 - 18. Suppose 144 = -p*i - 5*i. Is (-10)/6 + 2 - 16784/i a composite number?
False
Let q be 13/(94 + -3) + (-4964)/7. Let j = q + 1518. Is j composite?
False
Let u = 611870 - 395007. Is u composite?
True
Let y(d) be the first derivative of -7*d**5/5 - 5*d**4/12 + 15*d**2/2 - 23*d + 12. Let q(j) be the first derivative of y(j). Is q(-4) a prime number?
False
Suppose 5*s - 11610 = -2*a + 119167, 0 = -2*s + 5*a + 52276. Is s a prime number?
True
Let j = -108873 - -162644. Is j a prime number?
False
Let d(x) = -39 + 20*x + 3*x**2 + 56 - 18*x + 8*x**2 - x**2. Let m(a) = 3*a + 1. Let n be m(5). Is d(n) composite?
False
Suppose -930*r + 925*r + 76050 = 0. Suppose -4*j - 2*z + r = 0, -22*j + 26*j - 15200 = -4*z. Is j a prime number?
False
Let c(b) = b**2 - 2*b - 27. Let g be c(-5). Let y(s) = -g*s + 1144*s**2 - 249*s**2 + 11 + 996*s**2. Is y(2) prime?
True
Suppose 2*s + 363138 = 4*o, 3*s - 20 + 5 = 0. Is o prime?
True
Let u = 981 + -190. Suppose 3*y = -1294 + 436. Let w = u + y. Is w prime?
False
Let p(l) = -2*l - 12. Let v be p(-5). Suppose -3*t = 3802 + 2075. Is 1 + 1 + v - t a composite number?
True
Let z = -1103611 - -2251778. Is z a prime number?
True
Let o(c) = 1159*c**2 + 105*c + 9. Is o(-10) a prime number?
True
Let l(w) = 5